 188760?
True
Is 575 a factor of 15472901?
False
Is 91162 a multiple of 38?
True
Is 71451 a multiple of 8?
False
Does 32 divide 1262954?
False
Does 30 divide 11257134?
False
Is 5423826 a multiple of 22?
False
Is 8875376 a multiple of 30?
False
Is 233 a factor of 25022103?
True
Is 39288 a multiple of 24?
True
Does 158 divide 260834?
False
Does 146 divide 98404?
True
Is 13 a factor of 85972?
False
Does 8 divide 79007?
False
Is 21781 a multiple of 3?
False
Is 110 a factor of 3212220?
True
Does 144 divide 52560?
True
Is 2 a factor of 24792?
True
Is 307 a factor of 27202?
False
Is 12 a factor of 1034220?
True
Does 375 divide 301500?
True
Does 225 divide 917100?
True
Does 235 divide 7792130?
True
Is 7 a factor of 3802678?
False
Does 21 divide 48615?
True
Does 12 divide 3533147?
False
Does 5 divide 164150?
True
Is 635792 a multiple of 382?
False
Does 234 divide 463554?
True
Is 106834 a multiple of 210?
False
Is 6462660 a multiple of 1140?
True
Is 233837 a multiple of 457?
False
Does 236 divide 5081788?
True
Is 15 a factor of 538057?
False
Is 3546774 a multiple of 89?
False
Is 33600 a multiple of 40?
True
Is 147 a factor of 196539?
True
Is 47 a factor of 586150?
False
Is 223099 a multiple of 3?
False
Is 116991 a multiple of 9?
True
Does 2 divide 4747849?
False
Is 719 a factor of 1345249?
True
Is 65 a factor of 6498245?
True
Is 232344 a multiple of 8?
True
Is 6 a factor of 680462?
False
Does 16 divide 94128?
True
Does 38 divide 489478?
True
Is 1521817 a multiple of 121?
True
Is 8164157 a multiple of 349?
True
Is 11 a factor of 266827?
True
Is 113 a factor of 6834245?
False
Does 19 divide 10017474?
False
Is 36589 a multiple of 12?
False
Is 28 a factor of 274092?
True
Does 22 divide 166942?
False
Does 156 divide 213720?
True
Does 802 divide 11179078?
True
Is 482 a factor of 15022976?
True
Is 136 a factor of 666944?
True
Is 81 a factor of 2699163?
True
Is 871951 a multiple of 16?
False
Does 2995 divide 10452550?
True
Is 409353 a multiple of 17?
False
Is 27439235 a multiple of 15?
False
Does 28 divide 555296?
True
Is 1390884 a multiple of 514?
True
Is 785 a factor of 13547054?
False
Does 18 divide 77415?
False
Is 1006773 a multiple of 211?
False
Is 34 a factor of 921400?
True
Is 976873 a multiple of 94?
False
Does 79 divide 1321222?
False
Is 182 a factor of 137228?
True
Does 188 divide 1303343?
False
Is 19 a factor of 308199?
True
Is 29 a factor of 65389?
False
Is 3170072 a multiple of 1062?
False
Is 9775137 a multiple of 93?
True
Does 28 divide 43757?
False
Does 8 divide 6656?
True
Does 1486 divide 303144?
True
Does 40 divide 266040?
True
Does 8 divide 3527?
False
Is 913368 a multiple of 30?
False
Is 66 a factor of 211266?
True
Is 25 a factor of 708986?
False
Is 209 a factor of 14056713?
True
Is 40 a factor of 1840?
True
Is 2861653 a multiple of 15?
False
Is 5 a factor of 180860?
True
Does 37 divide 1626522?
False
Does 130 divide 1749407?
False
Is 44051 a multiple of 129?
False
Does 309 divide 9600200?
False
Is 32 a factor of 465920?
True
Is 34 a factor of 1317134?
False
Is 73 a factor of 163885?
True
Is 64 a factor of 305706?
False
Is 177613 a multiple of 212?
False
Is 17 a factor of 912594?
True
Is 48 a factor of 6283728?
True
Is 9 a factor of 5877747?
True
Is 402 a factor of 449034?
True
Is 7235199 a multiple of 81?
False
Is 18 a factor of 38510?
False
Is 53 a factor of 2555266?
False
Does 132 divide 30756?
True
Is 110 a factor of 1649156?
False
Does 9 divide 6277696?
False
Is 530504 a multiple of 11?
False
Does 37 divide 2780439?
True
Is 1850609 even?
False
Does 385 divide 3384365?
False
Does 14 divide 1971218?
False
Is 163 a factor of 3671249?
True
Does 51 divide 252399?
True
Does 151 divide 97697?
True
Does 19 divide 706306?
True
Is 21688 a multiple of 2?
True
Is 93264 a multiple of 193?
False
Is 10 a factor of 1816786?
False
Does 80 divide 8895795?
False
Is 67730 a multiple of 26?
True
Does 26 divide 1418485?
False
Is 81955 a multiple of 5?
True
Is 100263 a multiple of 57?
True
Is 57 a factor of 60022?
False
Is 37 a factor of 5483687?
False
Is 8922 a multiple of 150?
False
Is 368292 a multiple of 12?
True
Is 2437800 a multiple of 12?
True
Is 103320 a multiple of 168?
True
Is 324 a factor of 101019?
False
Does 307 divide 480148?
True
Is 398 a factor of 4396706?
True
Does 24 divide 221640?
True
Does 572 divide 3400605?
False
Is 70 a factor of 446834?
False
Does 75 divide 274731?
False
Is 402 a factor of 614019?
False
Is 11 a factor of 346229?
False
Is 3 a factor of 134442?
True
Is 445 a factor of 60976?
False
Is 30 a factor of 988620?
True
Does 144 divide 244025?
False
Is 191088 a multiple of 144?
True
Is 2988203 a multiple of 15?
False
Does 196 divide 253664?
False
Is 70 a factor of 63910?
True
Does 41 divide 104770?
False
Is 104 a factor of 552382?
False
Is 19358 a multiple of 144?
False
Is 119372 a multiple of 44?
True
Does 3 divide 28976?
False
Does 3 divide 295248?
True
Is 364 a factor of 1209572?
True
Is 19 a factor of 2234086?
False
Is 85 a factor of 4093770?
True
Is 102 a factor of 499596?
True
Is 74 a factor of 2214524?
True
Is 802026 a multiple of 17?
True
Does 11 divide 1745?
False
Does 17 divide 150440?
False
Is 1744 a factor of 15951259?
False
Is 160076 a multiple of 7?
True
Is 482545 a multiple of 119?
True
Is 392486 a multiple of 1943?
True
Is 83 a factor of 5804197?
False
Does 2 divide 311189?
False
Does 281 divide 423748?
True
Is 6042184 a multiple of 177?
False
Is 14 a factor of 459214?
True
Is 15890160 a multiple of 26?
True
Does 610 divide 4668309?
False
Is 28 a factor of 402276?
True
Does 5 divide 5431965?
True
Is 84 a factor of 391440?
True
Is 5489997 a multiple of 19?
False
Is 6363 a multiple of 177?
False
Is 20 a factor of 342020?
True
Does 341 divide 132820?
False
Is 577560 a multiple of 120?
True
Does 31 divide 61950?
False
Does 308 divide 1796872?
True
Is 192295 a multiple of 53?
False
Does 206 divide 66332?
True
Does 305 divide 28499?
False
Does 259 divide 499751?
False
Is 16 a factor of 96750?
False
Is 1175 a factor of 9007550?
True
Is 164104 a multiple of 73?
True
Does 8 divide 32324?
False
Does 8 divide 5763048?
True
Is 10940 a multiple of 38?
False
Does 941 divide 6181429?
True
Is 539 a factor of 91101?
False
Does 12 divide 479160?
True
Does 8 divide 1835659?
False
Is 547718 a multiple of 37?
False
Does 567 divide 16088625?
True
Does 8 divide 838601?
False
Is 64 a factor of 2367590?
False
Is 16 a factor of 49988?
False
Is 8864 a multiple of 8?
True
Is 2033755 a multiple of 826?
False
Is 773 a factor of 495493?
True
Is 39 a factor of 179497?
False
Is 72852 a multiple of 12?
True
Is 1717671 a multiple of 240?
False
Is 36 a factor of 1283940?
True
Is 2056 a factor of 13266988?
False
Is 22989792 a multiple of 8?
True
Is 3 a factor of 27189?
True
Does 104 divide 1276600?
True
Is 125 a factor of 255625?
True
Does 36 divide 1468548?
True
Does 98 divide 276360?
True
Does 96 divide 4274880?
True
Is 15 a factor of 502317?
False
Does 12 divide 6854239?
False
Does 455 divide 1543360?
True
Does 10 divide 210930?
True
Is 235676 a multiple of 38?
True
Does 1038 divide 10683096?
True
Is 63427 a multiple of 7?
True
Is 58 a factor of 552695?
False
Is 1273615 a multiple of 15?
False
Is 137 a factor of 7810781?
True
Does 8 divide 8444247?
False
Is 642115 a multiple of 21?
False
Is 78671 a multiple of 259?
False
Does 10 divide 6029160?
True
Does 485 divide 372658?
False
Does 14 divide 14251535?
False
Is 72 a factor of 11302272?
True
Is 20 a factor of 463760?
True
Is 1152252 a multiple of 227?
True
Is 551319 a multiple of 3?
True
Is 2254590 a multiple of 1066?
True
Is 289 a factor of 3428985?
True
Is 11 a factor of 2176295?
True
Is 898502 a multiple of 361?
False
Is 1296750 a multiple of 325?
True
Is 48510 a multiple of 154?
True
Is 141952 a multiple of 94?
False
Is 3117521 a multiple of 562?
False
Is 19 a factor of 347865?
False
Is 3151944 a multiple of 24?
True
Is 201663 a multiple of 77?
True
Is 2661075 a multiple of 45?
True
Does 100 divide 72155?
False
Does 80 divide 1004720?
True
Does 34 divide 7589696?
False
Does 12 divide 360096?
True
Is 29 a factor of 8951285?
True
Is 19 a factor of 119909?
True
Is 457 a factor of 26429564?
False
Is 157667 a multiple of 164?
False
Is 558557 a multiple of 298?
False
Is 19 a factor of 394668?
Tr